{"id":4421,"date":"2026-05-03T08:59:37","date_gmt":"2026-05-03T08:59:37","guid":{"rendered":"https:\/\/daloto.arzbilisim.com\/?page_id=4421"},"modified":"2026-05-03T08:59:37","modified_gmt":"2026-05-03T08:59:37","slug":"resmond-yeni-nesil-restoran-otomasyonu","status":"publish","type":"page","link":"https:\/\/arzbilisim.com\/?page_id=4421","title":{"rendered":"ResMOND | Yeni Nesil Restoran Otomasyonu"},"content":{"rendered":"\n<ul class=\"wp-block-list\">\n<li>Her s\u0131n\u0131f yiyecek ve i\u00e7ecek i\u015fletmelerinde kullan\u0131lmak \u00fczere tasarlanm\u0131\u015f bir yaz\u0131l\u0131md\u0131r. \u0130\u015fletme i\u00e7erisindeki servis personelinden kasiyere, mutfak personelinden i\u015fletmecisine kadar tam bir otomasyon sa\u011flanmaktad\u0131r.<\/li>\n<\/ul>\n\n\n\n<h4 class=\"wp-block-heading\">Kullan\u0131m&nbsp;\u015eekilleri<\/h4>\n\n\n\n<ul class=\"wp-block-list\">\n<li>\u0130ster cep bilgisayar\u0131 ister dokunmatik ekranl\u0131 PC&#8217;ler ile sipari\u015f al\u0131m\u0131 ve tahsilat i\u015flemleri yap\u0131labilir. Herhangi bir \u00fcr\u00fcn iptalinde, sipari\u015f de\u011fi\u015fikli\u011finin cep bilgisayar\u0131nda ya da dokunmatik ekran \u00fczerinde yap\u0131lmas\u0131 durumunda, mutfaklar sistem taraf\u0131ndan an\u0131nda bilgilendirilmektedir. Masa birle\u015ftirme, masa say\u0131s\u0131 de\u011fi\u015ftirme vs. i\u015flemler birka\u00e7 tu\u015f ile kolayl\u0131kla yap\u0131labilir. Men\u00fc ve fiyat de\u011fi\u015fikli\u011fi i\u015flemleri kolayl\u0131kla yerine getirilebilir. Farkl\u0131 fiyat se\u00e7enekleri ile sat\u0131\u015f yap\u0131labilece\u011fi gibi, oransal fiyat de\u011fi\u015fiklikleri \u00e7ok k\u0131sa s\u00fcrede yap\u0131labilir.<\/li>\n<\/ul>\n\n\n\n<h4 class=\"wp-block-heading\">Adisyon Takibi<\/h4>\n\n\n\n<ul class=\"wp-block-list\">\n<li>T\u00fcm adisyon takibi Resataurant uylgulamas\u0131 ile yap\u0131l\u0131r. Elle adisyon olu\u015fturulmaz ve adisyonlarda ger\u00e7ekle\u015ftirilen de\u011fi\u015fiklikler mutfaklara ve kasaya anl\u0131k olarak aktar\u0131l\u0131r.<\/li>\n<\/ul>\n\n\n\n<h4 class=\"wp-block-heading\">Kurye Takibi<\/h4>\n\n\n\n<ul class=\"wp-block-list\">\n<li>Kurye uygulamas\u0131 ile kuryeler sipari\u015f sevkiyat\u0131nda paketleri teslim alabilir.<\/li>\n\n\n\n<li>Sipari\u015f tesliminde \u00f6deme bilgisi girebilir.<\/li>\n\n\n\n<li>Sipari\u015f teslimat konumlar\u0131 kay\u0131t alt\u0131na al\u0131nabilir.<\/li>\n\n\n\n<li>Kurye \u00fczerindeki \u00f6deme ve avanslar kurye hesap ekran\u0131ndan takip edilebilir.<\/li>\n\n\n\n<li>Kurye performans de\u011ferlenmdirmesi al\u0131nabilir.<\/li>\n<\/ul>\n\n\n\n<h4 class=\"wp-block-heading\">Paket&nbsp;Sipari\u015fler<\/h4>\n\n\n\n<ul class=\"wp-block-list\">\n<li>Telefon ile al\u0131nan sipari\u015f t\u00fcr\u00fcd\u00fcr. M\u00fc\u015fterinin bilgileri sisteme bir kez kay\u0131t edilir. CALLER ID sistemi ile gelen aramalar g\u00f6r\u00fcnt\u00fclenebilir sipari\u015fi veren m\u00fc\u015fterinin bilgileri ekranda detayl\u0131 bir \u015fekilde belirmektedir.<\/li>\n\n\n\n<li>S\u0131n\u0131rs\u0131z masa ve personel tan\u0131mlamalar\u0131.<\/li>\n\n\n\n<li>Masa birle\u015ftirme i\u015flemleri.<\/li>\n\n\n\n<li>Mutfak b\u00f6l\u00fcmlerinde kullan\u0131lacak yaz\u0131c\u0131lar ile sipari\u015fin online olarak mutfaklara iletilmesi.\u00a0<\/li>\n\n\n\n<li>Haz\u0131rlanan sipari\u015fler servis garsonu taraf\u0131ndan sipari\u015fi al\u0131nan masaya servis yap\u0131l\u0131r. Sipari\u015f ve adisyonla ilgili bilgiler kasa terminalinden ve el bilgisayarlar\u0131ndan izlenebilir. \u0130lave sipari\u015fler al\u0131nabilir.\u00a0<\/li>\n\n\n\n<li>M\u00fc\u015fteri hesap istedi\u011finde, garson, el bilgisayar\u0131ndan hesab\u0131n istendi\u011fi bilgisini girer ve hesab\u0131 isteyen masan\u0131n adisyonu otomatik olarak yaz\u0131c\u0131dan \u00e7\u0131kart\u0131l\u0131r. M\u00fc\u015fteri, \u00f6demesini, ister garsona isterse adisyon fi\u015fi ile kasaya yapabilir. Kasa sistemi ana kasa, sipari\u015f personeli ve el bilgisayar\u0131 olarak tutulur. \u00d6deme alan garson kendinde bulunan tahsilat\u0131 ana kasaya devredebilir. B\u00fct\u00fcn bu i\u015flemler istendi\u011finde raporlanabilir.\u00a0<\/li>\n\n\n\n<li>Sysmond sysBase ve sysPRO ile entegre\u00a0\u00e7al\u0131\u015fmaktad\u0131r. B\u00f6ylece, hem departmanlara g\u00f6re sat\u0131\u015f ve stok, hem garsonlara g\u00f6re sat\u0131\u015f, hem de masalara g\u00f6re sat\u0131\u015f bilgileri h\u0131zl\u0131 ve hatas\u0131z olarak toplan\u0131r ve bu konulardaki ka\u00e7aklar minimize edilir. Stok \u00fcretim mod\u00fcl\u00fc sayesinde \u00fcr\u00fcn re\u00e7eteleri haz\u0131rlanabilir. \u00dcr\u00fcn maliyet bilgileri ile analiz olu\u015fturulabilir.<\/li>\n<\/ul>\n\n\n\n<h4 class=\"wp-block-heading\">Adisyon Sistemi Genel \u00d6zellikleri<\/h4>\n\n\n\n<ul class=\"wp-block-list\">\n<li>Sipari\u015flerin (Web,Andorid,IOS)\u00a0dokunmatik ekran kullan\u0131larak al\u0131m\u0131.<\/li>\n\n\n\n<li>Verilen sipari\u015flerin \u00fcr\u00fcn baz\u0131nda \u00e7e\u015fitli a\u00e7\u0131klamalar ile ayr\u0131nt\u0131 giri\u015finin sa\u011flanmas\u0131. (Az pi\u015fmi\u015f, Tam ya\u011fl\u0131, sade, buzlu v.b.)<\/li>\n\n\n\n<li>A\u00e7\u0131lan adisyonun bir k\u0131sm\u0131n\u0131 ya da tamam\u0131n\u0131 ikram olarak belirtebilmek.<\/li>\n\n\n\n<li>Sipari\u015f iptal i\u015flemlerinin \u00fcr\u00fcn yada adisyon baz\u0131nda kolayl\u0131kla yap\u0131labilmesi.<\/li>\n\n\n\n<li>Adisyon ya da sipari\u015flerde yap\u0131lan her hangi bir de\u011fi\u015fikli\u011fin \u00fcretim hatt\u0131nda bulunan yaz\u0131c\u0131 ya da bilgisayar ekranlar\u0131na anl\u0131k olarak aktar\u0131m\u0131.<\/li>\n\n\n\n<li>De\u011fi\u015fken malzemeli sipari\u015flerin, an\u0131nda fiyatland\u0131r\u0131lmas\u0131<\/li>\n\n\n\n<li>Durumu haz\u0131r olan sipari\u015flerin bilgisinin, ilgili el terminallerine yada sipari\u015f giri\u015fi yap\u0131lan ekranlara aktar\u0131lmas\u0131.<\/li>\n\n\n\n<li>Paket servislerin m\u00fc\u015fteri ya da telefon numaras\u0131 baz\u0131nda takibinin yap\u0131labilmesi.<\/li>\n\n\n\n<li>\u00dcr\u00fcnlerin \u00e7e\u015fitli gruplar alt\u0131nda toplanarak dokunmatik ekranlardan ya da el terminallerinden kolayl\u0131kla sat\u0131\u015flar\u0131n\u0131n yap\u0131labilmesi.<\/li>\n\n\n\n<li>Men\u00fcler tan\u0131mlayarak \u00fcr\u00fcnlere h\u0131zl\u0131 eri\u015fimin sa\u011flanabilmesi.<\/li>\n\n\n\n<li>Kullan\u0131c\u0131 yetki tan\u0131mlamalar\u0131 ile masa ve adisyonlara m\u00fcdahale imkan\u0131n\u0131n sa\u011flanmas\u0131.<\/li>\n\n\n\n<li>Paket sipari\u015flerinde telefon ile yap\u0131lan aramalarda kay\u0131tl\u0131 m\u00fc\u015fterinin bilgisinin ekrana otomatik olarak yans\u0131mas\u0131n\u0131n sa\u011flanmas\u0131.<\/li>\n\n\n\n<li>Masalar\u0131n anl\u0131k durular\u0131n\u0131n izlenebilmesi, yeni sipari\u015f giri\u015finin ilgili masaya yap\u0131labilmesi, farkl\u0131 masalar\u0131n birle\u015ftirilebilmesi.<\/li>\n\n\n\n<li>Ayr\u0131nt\u0131l\u0131 adisyon listesi ile anl\u0131k adisyon durum bilgisinin al\u0131nabilmesi, yap\u0131lan yetkilendirme do\u011frultusunda liste \u00fczerinden i\u015flem yap\u0131labilmesi. Hesap kapama i\u015fleminin \u00e7e\u015fitli \u00f6deme \u015fekilleri kullan\u0131larak yap\u0131labilmesi.<\/li>\n\n\n\n<li>Al\u0131nan \u00f6deme \u015fekillerine g\u00f6re \u00e7e\u015fitli istatistiklerin ayr\u0131nt\u0131l\u0131 olarak al\u0131nabilmesi. \u00c7e\u015fitli adisyonlar\u0131n hesap al\u0131m\u0131 s\u0131ras\u0131nda bir araya getirilebilmesi ya da \u00e7e\u015fitli par\u00e7alara ayr\u0131labilmesi.<\/li>\n\n\n\n<li>Hesap al\u0131mlar\u0131 s\u0131ras\u0131nda genel toplam \u00fczerinden \u00e7e\u015fitli iskontolar\u0131n ya da ikramlar\u0131n yap\u0131labilmesi.<\/li>\n\n\n\n<li>Garson baz\u0131nda sat\u0131\u015f ekranlar\u0131nda gerekli ayr\u0131nt\u0131l\u0131 icmallerin al\u0131nabilmesi.<\/li>\n\n\n\n<li>\u00c7e\u015fitli sat\u0131\u015f fiyat tiplerinin tan\u0131mlanabilmesi ve bu fiyatlar \u00fczerinden gereken sat\u0131\u015flar\u0131n yap\u0131labilmesi.<\/li>\n<\/ul>\n\n\n\n<figure class=\"wp-block-gallery has-nested-images columns-default is-cropped wp-block-gallery-1 is-layout-flex wp-block-gallery-is-layout-flex\">\n<figure class=\"wp-block-image size-large\"><img decoding=\"async\" data-id=\"5561\" src=\"https:\/\/www.arzbilisim.com\/wp-content\/uploads\/2024\/10\/login-1024x581.jpg\" alt=\"\" class=\"wp-image-5561\"\/><\/figure>\n\n\n\n<figure class=\"wp-block-image size-large\"><img decoding=\"async\" data-id=\"5562\" src=\"https:\/\/www.arzbilisim.com\/wp-content\/uploads\/2024\/10\/login2-1024x581.jpg\" alt=\"\" class=\"wp-image-5562\"\/><\/figure>\n\n\n\n<figure class=\"wp-block-image size-large\"><img decoding=\"async\" data-id=\"5563\" src=\"https:\/\/www.arzbilisim.com\/wp-content\/uploads\/2024\/10\/masa1-1024x581.jpg\" alt=\"\" class=\"wp-image-5563\"\/><\/figure>\n\n\n\n<figure class=\"wp-block-image size-large\"><img decoding=\"async\" data-id=\"5564\" src=\"https:\/\/www.arzbilisim.com\/wp-content\/uploads\/2024\/10\/rapor1-1024x581.jpg\" alt=\"\" class=\"wp-image-5564\"\/><\/figure>\n\n\n\n<figure class=\"wp-block-image size-large\"><img decoding=\"async\" data-id=\"5565\" src=\"https:\/\/www.arzbilisim.com\/wp-content\/uploads\/2024\/10\/tahsil-1024x581.jpg\" alt=\"\" class=\"wp-image-5565\"\/><\/figure>\n<\/figure>\n","protected":false},"excerpt":{"rendered":"<p>Kullan\u0131m&nbsp;\u015eekilleri Adisyon Takibi Kurye Takibi Paket&nbsp;Sipari\u015fler Adisyon Sistemi Genel \u00d6zellikleri<\/p>\n","protected":false},"author":1,"featured_media":0,"parent":0,"menu_order":0,"comment_status":"closed","ping_status":"closed","template":"template-fullwidth.php","meta":{"footnotes":""},"class_list":["post-4421","page","type-page","status-publish","hentry"],"_links":{"self":[{"href":"https:\/\/arzbilisim.com\/index.php?rest_route=\/wp\/v2\/pages\/4421","targetHints":{"allow":["GET"]}}],"collection":[{"href":"https:\/\/arzbilisim.com\/index.php?rest_route=\/wp\/v2\/pages"}],"about":[{"href":"https:\/\/arzbilisim.com\/index.php?rest_route=\/wp\/v2\/types\/page"}],"author":[{"embeddable":true,"href":"https:\/\/arzbilisim.com\/index.php?rest_route=\/wp\/v2\/users\/1"}],"replies":[{"embeddable":true,"href":"https:\/\/arzbilisim.com\/index.php?rest_route=%2Fwp%2Fv2%2Fcomments&post=4421"}],"version-history":[{"count":1,"href":"https:\/\/arzbilisim.com\/index.php?rest_route=\/wp\/v2\/pages\/4421\/revisions"}],"predecessor-version":[{"id":4422,"href":"https:\/\/arzbilisim.com\/index.php?rest_route=\/wp\/v2\/pages\/4421\/revisions\/4422"}],"wp:attachment":[{"href":"https:\/\/arzbilisim.com\/index.php?rest_route=%2Fwp%2Fv2%2Fmedia&parent=4421"}],"curies":[{"name":"wp","href":"https:\/\/api.w.org\/{rel}","templated":true}]}}