{"id":22,"date":"2016-02-12T08:11:05","date_gmt":"2016-02-12T08:11:05","guid":{"rendered":"http:\/\/demos.famethemes.com\/onepress\/?page_id=22"},"modified":"2026-05-03T12:53:46","modified_gmt":"2026-05-03T12:53:46","slug":"our-vision","status":"publish","type":"page","link":"https:\/\/arzbilisim.com\/?page_id=22","title":{"rendered":"Hakk\u0131m\u0131zda 2"},"content":{"rendered":"<p>Hizmet yelpazemiz; markan\u0131z\u0131 zirveye ta\u015f\u0131yacak yarat\u0131c\u0131 <b data-path-to-node=\"4\" data-index-in-node=\"56\">Reklam ve Tasar\u0131m<\/b> projelerinden, i\u015f s\u00fcre\u00e7lerinizi optimize eden y\u00fcksek performansl\u0131 <b data-path-to-node=\"4\" data-index-in-node=\"140\">Ticari Paket Yaz\u0131l\u0131mlara<\/b> kadar geni\u015f bir alan\u0131 kapsamaktad\u0131r. Sadece dijitalde de\u011fil, fiziksel alanlarda da fark yaratman\u0131z i\u00e7in estetik ve fonksiyonelli\u011fi bulu\u015fturan <b data-path-to-node=\"4\" data-index-in-node=\"307\">Mobilya &amp; Dekorasyon<\/b> \u00e7\u00f6z\u00fcmleri ile markan\u0131z\u0131n prestijini art\u0131ran modern<b> <\/b>tasar\u0131mlar geli\u015ftiriyoruz.<\/p>\n","protected":false},"excerpt":{"rendered":"<p>Hizmet yelpazemiz; markan\u0131z\u0131 zirveye ta\u015f\u0131yacak yarat\u0131c\u0131 Reklam ve Tasar\u0131m projelerinden, i\u015f s\u00fcre\u00e7lerinizi optimize eden y\u00fcksek performansl\u0131 Ticari Paket Yaz\u0131l\u0131mlara kadar geni\u015f bir alan\u0131 kapsamaktad\u0131r.<\/p>\n","protected":false},"author":1,"featured_media":4524,"parent":0,"menu_order":0,"comment_status":"closed","ping_status":"closed","template":"","meta":{"footnotes":""},"class_list":["post-22","page","type-page","status-publish","has-post-thumbnail","hentry"],"_links":{"self":[{"href":"https:\/\/arzbilisim.com\/index.php?rest_route=\/wp\/v2\/pages\/22","targetHints":{"allow":["GET"]}}],"collection":[{"href":"https:\/\/arzbilisim.com\/index.php?rest_route=\/wp\/v2\/pages"}],"about":[{"href":"https:\/\/arzbilisim.com\/index.php?rest_route=\/wp\/v2\/types\/page"}],"author":[{"embeddable":true,"href":"https:\/\/arzbilisim.com\/index.php?rest_route=\/wp\/v2\/users\/1"}],"replies":[{"embeddable":true,"href":"https:\/\/arzbilisim.com\/index.php?rest_route=%2Fwp%2Fv2%2Fcomments&post=22"}],"version-history":[{"count":5,"href":"https:\/\/arzbilisim.com\/index.php?rest_route=\/wp\/v2\/pages\/22\/revisions"}],"predecessor-version":[{"id":4526,"href":"https:\/\/arzbilisim.com\/index.php?rest_route=\/wp\/v2\/pages\/22\/revisions\/4526"}],"wp:featuredmedia":[{"embeddable":true,"href":"https:\/\/arzbilisim.com\/index.php?rest_route=\/wp\/v2\/media\/4524"}],"wp:attachment":[{"href":"https:\/\/arzbilisim.com\/index.php?rest_route=%2Fwp%2Fv2%2Fmedia&parent=22"}],"curies":[{"name":"wp","href":"https:\/\/api.w.org\/{rel}","templated":true}]}}